64 + -3?
-1034267
In base 11, what is -62 - -790a42?
790990
In base 5, what is 1034241141 - 14?
1034241122
In base 12, what is 156 + -15952?
-157b8
In base 9, what is 42305 + 73?
42378
In base 13, what is 4504 - b1?
4423
In base 8, what is 4 - -4443532?
4443536
In base 2, what is 101 - 101011101111010011011100111?
-101011101111010011011100010
In base 11, what is 1228 - 15170?
-13a43
In base 8, what is 2026 - 143311?
-141263
In base 16, what is -3893c - -3?
-38939
In base 8, what is -657757065 - 1?
-657757066
In base 3, what is 202022222202 + 202?
202100000111
In base 10, what is 349 - -28895?
29244
In base 2, what is 11111010110 + 101111010101000?
110011001111110
In base 4, what is -1213121132332 - -10?
-1213121132322
In base 15, what is -15a9 + -245?
-17ee
In base 8, what is 1 - -10571752?
10571753
In base 10, what is -73106051 + 5?
-73106046
In base 6, what is 152211500 - -4?
152211504
In base 11, what is -189a + 2501?
712
In base 7, what is 3026512042 + -1?
3026512041
In base 7, what is -443234 - -3060?
-440144
In base 12, what is -3 + -3233153?
-3233156
In base 11, what is -19381168 - -15?
-19381153
In base 4, what is 1001130 - 12012000?
-11010210
In base 4, what is -10 - 3213211113323?
-3213211113333
In base 15, what is 4 - -1c12ce?
1c12d3
In base 14, what is 40917a - b?
40916d
In base 2, what is 10010000001 - 110000010001?
-11110010000
In base 16, what is 29 - -5a3e59?
5a3e82
In base 15, what is 363 + 4d66?
51c9
In base 11, what is 8625 + -1617?
7009
In base 14, what is -225 + -6c9655?
-6c987a
In base 9, what is -3824052 + 47?
-3824004
In base 16, what is -1724d + -25b?
-174a8
In base 4, what is 0 - -1301303322?
1301303322
In base 9, what is -56 - -2166468?
2166412
In base 6, what is -4012333021 + -23?
-4012333044
In base 8, what is -12 + 36407750?
36407736
In base 4, what is -2000201112 - -11003?
-2000130103
In base 11, what is 16 - 1666994?
-1666979
In base 16, what is -d55ace - -50?
-d55a7e
In base 13, what is -9877 + 1316?
-8561
In base 12, what is -200835 + 82?
-200773
In base 4, what is -20223 - 111030131?
-111111020
In base 12, what is 28 - -589813?
58983b
In base 10, what is 150 - -2976126?
2976276
In base 5, what is -220313021 - 20?
-220313041
In base 14, what is -a5 + 1240b5?
124010
In base 7, what is -151005 - 46443?
-230451
In base 15, what is -3245a - -d00?
-3165a
In base 15, what is -7a1d + 352a?
-44e3
In base 11, what is -9387 - 33?
-940a
In base 3, what is 100 + 100110200002?
100110200102
In base 13, what is 1078 + 6295?
7340
In base 14, what is a9065 + -3?
a9062
In base 11, what is -5557 + -32440?
-37997
In base 10, what is 162526 - -355?
162881
In base 14, what is 1024 + -112c?
-108
In base 9, what is -716113184 - 5?
-716113200
In base 12, what is -23 - 1159b?
-11602
In base 9, what is 22 + 1452480?
1452512
In base 15, what is -951 + 5b93?
5242
In base 12, what is -77aa059 - b?
-77aa068
In base 6, what is 4 - -25021235305?
25021235313
In base 4, what is -11130303 - 1212?
-11132121
In base 15, what is 6334b1 - 0?
6334b1
In base 7, what is 1264 - -4205442?
4210036
In base 11, what is 35 + 97336?
97370
In base 16, what is -5893e + 4d7?
-58467
In base 16, what is -3 - a66818?
-a6681b
In base 14, what is 83070 - b?
83063
In base 12, what is -2 - -1903b22?
1903b20
In base 11, what is -48068329 - -5?
-48068324
In base 9, what is -14333000 - -2?
-14332887
In base 3, what is 22020211 - -112001000?
211021211
In base 7, what is 121023 - 25614?
62106
In base 15, what is -140c1b - 6?
-140c22
In base 10, what is 278 + -15796?
-15518
In base 14, what is -1832844 + d?
-1832835
In base 13, what is 8a57 - 465?
85c2
In base 7, what is 12 + -123112?
-123100
In base 15, what is 2bd - 2eb8ac?
-2eb5de
In base 14, what is 2797b2 - 1?
2797b1
In base 9, what is -1216834 - 1508?
-1218443
In base 3, what is -10011112211 - 22121?
-10011212102
In base 11, what is -150a544 + 7a?
-150a475
In base 2, what is -111011100 - -100001011000100?
100000011101000
In base 12, what is 3a069 + -1367?
38902
In base 13, what is 11c4c + -9252?
59ca
In base 6, what is -2043 - 2404023?
-2410110
In base 12, what is 799893 - 5?
79988a
In base 12, what is -16313a96 + -2?
-16313a98
In base 14, what is -2ad4c5c9 + 6?
-2ad4c5c3
In base 2, what is 1000110011110110 + -110010010?
1000101101100100
In base 5, what is 121 - -20340401?
20341022
In base 15, what is -35921dd - -3?
-35921da
In base 12, what is -325b124 - 1?
-325b125
In base 5, what is -34033322010 + 1?
-34033322004
In base 13, what is -4345 - -cca?
-3348
In base 16, what is -66 - 1736f?
-173d5
In base 7, what is -10 - -2424266?
2424256
In base 10, what is -16622333 - 5?
-16622338
In base 6, what is 4 + 25324132503?
25324132511
In base 16, what is -6 - -4e74e?
4e748
In base 8, what is -22114 - -1020?
-21074
In base 12, what is 5 + -17823452?
-17823449
In base 12, what is 306195 - -a?
3061a3
In base 14, what is -97 - -8700b7?
870020
In base 10, what is 2 - 1319928?
-1319926
In base 14, what is -4 + 826c3b?
826c37
In base 4, what is 203 - -2031013201?
2031020010
In base 16, what is 4dee9a2 - 5?
4dee99d
In base 13, what is -88631 + 23?
-8860b
In base 15, what is 1809 + -2279a?
-20e91
In base 13, what is 5 + 1453c14?
1453c19
In base 15, what is -6d050 + 1a?
-6d035
In base 12, what is 4a54 + b26?
597a
In base 3, what is -11020111002021110 + 1?
-11020111002021102
In base 9, what is -611550830 - 5?
-611550835
In base 12, what is 3a8b27 + a?
3a8b35
In base 12, what is 1153 - -568b?
6822
In base 8, what is 243 - -26235?
26500
In base 8, what is -4553434 + 2?
-4553432
In base 7, what is -10162434 + -104?
-10162541
In base 15, what is 61 - -2a4?
315
In base 10, what is 517675 - 12?
517663
In base 13, what is c2 + -42318c?
-42309a
In base 12, what is -2 - 229ab029?
-229ab02b
In base 14, what is 14 + -9d81b?
-9d807
In base 14, what is 1a + 24bb?
24d7
In base 13, what is 79c + 3c46?
4715
In base 2, what is 10011100100110000010 - -111001?
10011100100110111011
In base 7, what is -60343340 + -144?
-60343514
In base 2, what is 10001111011010111 - -1110001?
10001111101001000
In base 14, what is 1cc951a - 0?
1cc951a
In base 3, what is 12 + -10110020010010120?
-10110020010010101
In base 4, what is 21000120 - 1101302?
13232212
In base 13, what is 15 + 95446c?
954484
In base 12, what is 286575 - aa?
286487
In base 11, what is -123 - -4267?
4144
In base 11, what is 3 - 3323523?
-3323520
In base 4, what is -20300 - -112102030?
112021130
In base 9, what is 587 + 5621?
6318
In base 2, what is 1011010000110100100100 - 0?
1011010000110100100100
In base 15, what is -7de7c - -294?
-7dbd8
In base 13, what is 2748a45 + -2b?
2748a17
In base 7, what is -22 - 6162144?
-6162166
In base 11, what is -18 - 7147958?
-7147975
In base 7, what is 335435234 + -3?
335435231
In base 6, what is 1 - 13142521252?
-13142521251
In base 13, what is -37 - 1100471?
-11004a8
In base 12, what is 765 + 60b13?
61678
In base 13, what is 864 + -30591?
-2ca2a
In base 15, what is cab598d - 3?
cab598a
In base 4, what is 1020323322022 + 10?
1020323322032
In base 10, what is -5 + -4177936?
-4177941
In base 16, what is -59c6e4 + 6?
-59c6de
In base 16, what is -5 + -74c592c?
-74c5931
In base 6, what is -3 - 1313333243?
-1313333250
In base 4, what is 1002333202211 + -3?
1002333202202
In base 3, what is -11 - -2112120221200?
2112120221112
In base 10, what is -25 + -2019791?
-2019816
In base 3, what is -22121 - -1010202201012?
1010202101121
In base 5, what is -23400110 + 1?
-23400104
In base 14, what is 0 - 54bc57?
-54bc57
In base 7, what is 16235614 + -1246?
16234335
In base 2, what is -100001000001000101001110111 + 0?
-100001000001000101001110111
In base 6, what is 21 - -210101453?
210101514
In base 2, what is 10110 + 101001001010110101000?
101001001010110111110
In base 2, what is 100100100 + -10000100001011010?
-10000011100110110
In base 10, what is -1 + 2159178?
2159177
In base 16, what is 33b4 + 187f?
4c33
In base 13, what is 3 - 80c2c98?
-80c2c95
In base 13, what is -31 + -5b19?
-5b4a
In base 14, what is -2 - -b51569?
b51567
In base 6, what is -25554 + 3040353?
3010355
In base 2, what is -1100111111100110100101 + -100100000?
-1100111111101011000101
In base 16, what is 1 + -464a351?
-464a350
In base 6, what is -35 - 222311222?
-222311301
In base 4, what is -300010031 - -101?
-30